215 (base 10) to base 5.
-1341044330
What is 1370230 (base 13) in base 15?
814847
Convert 1b0b7 (base 15) to base 3.
11110121101
103242561 (base 7) to base 2
10111100000011000010100
-32315150 (base 7) to base 12
-b11658
Convert 1516447 (base 8) to base 4.
1221310213
-2988977 (base 13) to base 7
-220364102
Convert 22401300 (base 5) to base 3.
101011121211
What is -7a4459 (base 11) in base 5?
-311422024
338369 (base 15) to base 12
9a63a6
Convert -1016161 (base 7) to base 5.
-12402300
Convert 1c100d (base 14) to base 3.
1212212220022
Convert -1110000011010100 (base 2) to base 3.
-2220221201
-39436 (base 14) to base 15
-2baa1
What is 52253015 (base 6) in base 4?
11302002203
1234405 (base 6) to base 4
100120211
Convert -a89497 (base 14) to base 3.
-101202011021020
What is -610582 (base 14) in base 10?
-3266454
What is -1202024223 (base 6) in base 7?
-223015044
Convert 188235 (base 14) to base 11.
542886
Convert 1746276 (base 8) to base 11.
31a057
What is 12700475 (base 8) in base 11?
167810a
Convert -1d4bd (base 15) to base 12.
-4738a
Convert -2259772 (base 10) to base 14.
-42b764
What is 54152222 (base 6) in base 13?
4409ab
52300322 (base 7) to base 9
8251535
292406b (base 12) to base 15
ad25b8
Convert -10214231440 (base 5) to base 12.
-36b98a6
What is -120214400 (base 5) in base 16?
-8756e
Convert -342104030 (base 5) to base 8.
-5627241
Convert 10868a (base 11) to base 4.
222013223
What is 55012 (base 13) in base 9?
253874
-312332103 (base 4) to base 14
-5c0b9
Convert 4745765 (base 10) to base 2.
10010000110101000100101
Convert 11011000011001101010 (base 2) to base 4.
3120121222
Convert 357863 (base 12) to base 7.
10224330
-2148a (base 15) to base 7
-620014
10100110111111110110000 (base 2) to base 5
2400102201
Convert -601016 (base 7) to base 4.
-120231032
Convert 22111221000211 (base 3) to base 14.
85b410
Convert -471163 (base 13) to base 9.
-3151781
-65034 (base 10) to base 8
-177012
-2631385 (base 9) to base 3
-2201001102212
-1649dc (base 14) to base 4
-2332233012
What is -345867 (base 9) in base 13?
-73735
Convert -15752150 (base 8) to base 11.
-2079a53
What is 32416 (base 12) in base 16?
102d2
What is 1112401240 (base 5) in base 4?
21122000130
2324301 (base 6) to base 4
131112031
What is -132716 (base 15) in base 10?
-919596
1100142 (base 6) to base 8
152336
-26241101 (base 7) to base 8
-11110657
What is 38877a (base 15) in base 5?
1143234230
-17927 (base 15) to base 14
-1db4c
Convert 9473346 (base 10) to base 9.
18737880
What is 821b (base 15) in base 5?
1334401
What is 26e0 (base 16) in base 14?
38ac
Convert 4102b8 (base 13) to base 15.
1ed9d2
Convert -12010212102221 (base 3) to base 16.
-29b51f
Convert 50358 (base 12) to base 15.
20d05
Convert -3345514 (base 6) to base 4.
-221130112
What is 17135727 (base 8) in base 14?
758755
Convert acb85 (base 14) to base 16.
66621
Convert 843834 (base 14) to base 3.
22101220100012
What is 11100001101111101110011 (base 2) in base 11?
41a271a
Convert -4561642 (base 8) to base 11.
-776084
What is -100122003 (base 4) in base 12?
-32a83
Convert -3213123000 (base 4) to base 7.
-11025366
Convert -3013002 (base 9) to base 5.
-402244243
-25ab008 (base 13) to base 6
-1101201340
Convert -156053 (base 7) to base 2.
-111100010111100
Convert -431302423 (base 5) to base 13.
-4ba562
-3040745 (base 10) to base 15
-400e65
Convert 630121 (base 8) to base 6.
4251253
Convert 159a8b (base 12) to base 14.
989ab
Convert 7364538 (base 10) to base 11.
41800a5
-611427 (base 8) to base 14
-53607
-126ba7c (base 13) to base 9
-11758407
Convert 646048 (base 10) to base 16.
9dba0
1de3be (base 16) to base 4
13132032332
What is 1103202030 (base 4) in base 3?
122101100110
Convert -25c50 (base 13) to base 10.
-70200
-14451170 (base 8) to base 10
-3297912
-2213014231 (base 5) to base 12
-174184b
-110101010100000100 (base 2) to base 9
-362485
11102111221 (base 3) to base 4
111101113
What is -5abb72 (base 14) in base 13?
-849807
2628ba (base 13) to base 10
919851
Convert -111111222211 (base 3) to base 5.
-32003310
What is 6b814c (base 13) in base 3?
11211001022010
Convert -66699b (base 16) to base 11.
-3874672
Convert 201002122021 (base 3) to base 2.
1011011110001011101
-201445450 (base 6) to base 5
-1340142210
Convert -a5882 (base 14) to base 9.
-668077
175378 (base 9) to base 3
12112102122
What is 12202133 (base 6) in base 16?
5f0a9
Convert 10121010121110 (base 3) to base 7.
22152000
301301002 (base 4) to base 11
12a171
Convert -71404371 (base 8) to base 12.
-5070361
133321203 (base 4) to base 15
28aa9
-3455344 (base 8) to base 14
-1a6bc0
What is -3c72b (base 16) in base 15?
-4d565
-a0a5 (base 16) to base 14
-10db7
What is -132130233031 (base 4) in base 11?
-4562020
What is 541353 (base 6) in base 12?
21859
Convert 6402404 (base 8) to base 6.
100314312
What is -6409a (base 11) in base 16?
-16c5f
What is 32464 (base 16) in base 14?
5508c
-5322327 (base 9) to base 16
-2b79b0
21424243 (base 6) to base 3
1012120112200
Convert 101202020202221 (base 3) to base 7.
66363001
What is 13635116 (base 7) in base 5?
312130222
307a5 (base 12) to base 8
173555
-57105 (base 10) to base 15
-11dc0
What is -3451441 (base 8) in base 15?
-13825a
What is 37522a (base 11) in base 3?
1010002212000
What is -17030073 (base 8) in base 15?
-52db22
-31416 (base 15) to base 6
-3203003
What is -303446 (base 9) in base 3?
-100010111120
Convert -63c20 (base 14) to base 9.
-406657
Convert 49246 (base 14) to base 6.
3455502
Convert -102110122212111 (base 3) to base 6.
-334345534
-91a63 (base 11) to base 2
-100000110011101011
-505668 (base 12) to base 11
-786a58
1011110010101000011 (base 2) to base 16
5e543
What is 34021221 (base 5) in base 9?
504176
e6d77 (base 15) to base 14
150ac5
Convert 170bb4 (base 13) to base 4.
2023330222
Convert 306226 (base 7) to base 15.
108b7
Convert -14903b7 (base 12) to base 2.
-1111111001101100111011
-1260346 (base 7) to base 16
-287da
Convert 112010603 (base 7) to base 8.
32024544
Convert 42378 (base 16) to base 15.
55569
Convert -b0050 (base 14) to base 9.
-713676
Convert -410333041 (base 5) to base 2.
-110010011011000101111
What is 40bad (base 15) in base 11?
13013a
What is 10011001101101110010 (base 2) in base 16?
99b72
What is 212172 (base 8) in base 14?
1bb18
Convert -1344214120 (base 5) to base 15.
-494375
What is 359328 (base 11) in base 3?
1001220011002
-110011011001001000101 (base 2) to base 6
-100032245
-141766 (base 9) to base 6
-1505053
What is 6f345 (base 16) in base 2?
1101111001101000101
7935600 (base 10) to base 16
791670
Convert 2040058 (base 11) to base 9.
6688603
-16512041 (base 7) to base 5
-403212323
-9d8905 (base 14) to base 3
-101002111101211
11275221 (base 10) to base 12
3939019
What is -113213234 (base 5) in base 4?
-1333223000
What is 115b3 (base 13) in base 12?
16459
Convert -202057 (base 8) to base 13.
-24418
-18c802 (base 13) to base 11
-3994a4
What is -64bcc (base 13) in base 8?
-543645
697594 (base 13) to base 3
11201001221021
What is 29a5d (base 14) in base 16?
19493
502943 (base 10) to base 2
1111010110010011111
Convert -1365362 (base 8) to base 6.
-12151254
-4464b (base 12) to base 8
-261233
Convert 87881 (base 10) to base 2.
10101011101001001
Convert -32023133200 (base 4) to base 16.
-38b7e0
3235120 (base 6) to base 16
27318
Convert -81848 (base 11) to base 12.
-59187
What is 111102101101110 (base 3) in base 2?
11011001101011010010010
What is 2057830 (base 9) in base 16?
10ce99
What is -111301212133 (base 4) in base 8?
-25614637
Convert -1b5868 (base 16) to base 7.
-21142536
Convert 200010001012 (base 3) to base 5.
42402023
-5145025 (base 7) to base 5
-124211030
What is -5209a (base 13) in base 4?
-203331332
2001210011 (base 3) to base 10
40666
What is -7152371 (base 8) in base 11?
-10806a4
What is 543601 (base 7) in base 14?
26871
Convert -14c461 (base 14) to base 12.
-2ab885
Convert 1130314010 (base 5) to base 15.
362005
434030532 (base 6) to base 8
35436570
What is -13ba9 (base 13) in base 4?
-21010132
What is 1423172 (base 8) in base 3?
202110220101
What is 15355321 (base 6) in base 8?
2046741
What is -2221b8 (base 12) in base 13?
-160139
What is -57fff (base 16) in base 10?
-360447
Convert -17039 (base 16) to base 6.
-2004225
-1024123 (base 7) to base 8
-361761
What is -188653 (base 9) in base 7?
